411503. Determine a(-4).
-11
Let v(o) = -194*o**2 - 991*o - 1989. Give v(-2).
-783
Let r(y) = 3*y**2 + 1034*y - 45. Give r(0).
-45
Let d(j) = -15191*j + 136765. What is d(9)?
46
Let i(w) = -17*w**2 - 58*w + 1028. Give i(-10).
-92
Let i(u) = -3*u**3 - 66*u**2 + 614*u - 56. Calculate i(7).
-21
Let f(z) = -24576*z + 319486. Determine f(13).
-2
Let p(n) = 2116*n - 402032. Give p(190).
8
Let c(y) = 2670*y + 40108. Determine c(-15).
58
Let i(y) = 3*y + 178. Give i(43).
307
Let v(p) = 355*p + 17097. Give v(-48).
57
Let k(q) = -q**2 - 169*q - 6885. Determine k(-99).
45
Let i(d) = -980*d - 21573. Calculate i(-21).
-993
Let w(c) = 212246*c + 63673802. Calculate w(-300).
2
Let i(l) = -4453*l + 449717. Determine i(101).
-36
Let o(s) = -448*s**3 + 7*s**2 + 29*s + 22. Calculate o(-1).
448
Let z(b) = -539*b**2 + 3733*b + 285. Calculate z(7).
5
Let u(z) = -11613*z - 174219. Determine u(-15).
-24
Let y(w) = -5409*w - 654566. Determine y(-121).
-77
Let z(l) = 128*l + 1008. Determine z(14).
2800
Let g(r) = -746*r + 1487. What is g(8)?
-4481
Let q(t) = 3*t**3 - 927*t**2 + 32277*t + 873. What is q(269)?
66
Let h(f) = 23*f**2 + 1147*f - 1361. Give h(-51).
-35
Let g(a) = 213*a**2 + 130575*a + 3683. Calculate g(-613).
5
Let o(n) = -90*n**3 + 72*n**2 - 69*n - 3. Give o(1).
-90
Let f(q) = -1442*q + 522029. What is f(362)?
25
Let y(f) = -75*f**2 - 11023*f + 287. Calculate y(-147).
-7
Let u(z) = 3*z**3 + 53*z**2 + 387*z - 112. Calculate u(-9).
-1489
Let n(c) = 2*c**3 + 11*c**2 + 3*c + 1086. Determine n(-10).
156
Let x(u) = u**2 + 79398*u + 1904972. Determine x(-24).
-4
Let q(g) = -g**3 - 88*g**2 + 272*g - 292. What is q(-91)?
-201
Let m(s) = 36*s**2 + 1116*s - 2. What is m(-31)?
-2
Let h(j) = -5*j**3 + 126*j**2 - 433*j - 29. Determine h(4).
-65
Let b(q) = -31*q**2 + 306*q + 10. Calculate b(0).
10
Let v(x) = -x**2 + 28*x + 5071. What is v(-57)?
226
Let k(w) = 16*w**2 + 25*w - 1488. Give k(9).
33
Let v(f) = f**2 - 177*f + 2672. Determine v(17).
-48
Let y(p) = -5*p**2 - 1025*p + 778. What is y(-206)?
-252
Let i(u) = -u**3 + 24*u**2 - 67*u + 1239. What is i(24)?
-369
Let f(h) = -133090*h - 266192. Give f(-2).
-12
Let r(l) = 19500*l - 195015. Give r(10).
-15
Let i(z) = 1681*z - 262262. What is i(156)?
-26
Let b(i) = -i**3 + 371*i**2 - 2196*i + 2194. Determine b(365).
4
Let z(s) = -s**2 + 939*s + 115168. Give z(-110).
-222
Let r(s) = 29*s**2 + 2573*s - 282. Give r(-89).
430
Let n(d) = d**2 + 10*d - 47. Determine n(-14).
9
Let o(u) = 3*u**2 - 9604*u - 2378614. Calculate o(-231).
-7
Let d(t) = 4*t**3 + 10*t**2 - 52*t - 25. Calculate d(-9).
-1663
Let r(q) = -210*q**3 - 30*q**2 + 73*q + 153. Give r(-2).
1567
Let y(b) = 5*b**2 - 59*b + 365. Calculate y(20).
1185
Let k(f) = -11*f**2 + 1243*f - 3. What is k(113)?
-3
Let w(o) = 22*o**2 + 185*o - 568. Determine w(-11).
59
Let g(i) = 2*i**3 + 117*i**2 - 445*i - 149. Determine g(-62).
533
Let a(g) = -7927*g + 59581. Give a(7).
4092
Let b(h) = -300*h**3 + 5*h**2 - 98*h + 92. Determine b(1).
-301
Let r(d) = -d**3 - 417*d**2 - 21116*d + 363. Determine r(-59).
9
Let c(n) = -102*n**2 - 2350*n - 93. Give c(-23).
-1
Let a(g) = -g**3 + 155*g**2 + 656*g - 3190. Determine a(159).
-10
Let r(h) = 12*h**3 + 130*h**2 + 145*h + 437. Calculate r(-10).
-13
Let d(m) = -25555*m + 4497719. What is d(176)?
39
Let g(l) = l**2 - 105067*l - 4414570. Determine g(-42).
8
Let w(b) = -8377*b - 58608. Calculate w(-7).
31
Let x(m) = -4*m**2 - 2313*m - 42502. Determine x(-19).
1
Let q(h) = -h**2 - 73151*h + 877955. What is q(12)?
-1
Let z(b) = 304763*b + 304760. Determine z(-1).
-3
Let m(y) = -y**3 + 103*y**2 - 31*y - 160. Calculate m(0).
-160
Let b(w) = -w**3 + 38*w**2 + 123*w + 204. What is b(41)?
204
Let b(a) = -a**3 - 384*a**2 + 122*a + 193474. Give b(-383).
59
Let l(o) = -18*o**2 - 655*o - 1481. Calculate l(-34).
-19
Let w(l) = 5*l**3 - 1432*l**2 - 591*l - 77497. Calculate w(287).
-7
Let l(x) = -x**3 + 8*x**2 + 19562*x - 117449. Calculate l(6).
-5
Let v(x) = 11187*x - 256999. Calculate v(23).
302
Let b(p) = 827*p + 86060. Determine b(-104).
52
Let x(n) = -n**3 - 162*n**2 + 7362*n - 46. Give x(-199).
153
Let x(b) = 3*b**3 - 43*b**2 - 87*b + 1520. Give x(14).
106
Let s(j) = -17*j**2 - 163*j - 297. Determine s(-17).
-2439
Let l(o) = -34979*o + 314838. Determine l(9).
27
Let b(h) = -394*h - 103645. Calculate b(-263).
-23
Let v(o) = -o**3 - 22*o**2 + 38*o - 219. What is v(-21)?
-1458
Let b(h) = 2*h**2 - 12*h + 486. What is b(32)?
2150
Let z(x) = -1286*x + 22223. Give z(17).
361
Let b(g) = 375*g - 14035. Determine b(37).
-160
Let p(b) = -3*b**3 - 379*b**2 + 252*b - 180. Give p(-127).
74
Let t(j) = -157*j + 825. Determine t(3).
354
Let l(u) = -u**3 - 66*u**2 - 305*u + 820. What is l(-61)?
820
Let d(j) = -462*j + 26030. Determine d(56).
158
Let r(k) = 55655*k - 55563. What is r(1)?
92
Let r(i) = 2*i**3 - 72*i**2 + 579*i - 72. Determine r(24).
0
Let o(y) = 814*y**3 - 31*y**2 + 47*y - 16. Give o(1).
814
Let r(g) = -8*g**3 - 221*g**2 + 706*g + 4086. Determine r(-30).
6
Let u(d) = -7295*d + 30836. Give u(4).
1656
Let o(h) = 12158*h + 571434. What is o(-47)?
8
Let r(v) = -836*v**3 - 11*v**2 - 12*v + 1. Calculate r(-1).
838
Let j(p) = p**3 - 225*p**2 + 740*p - 16905. Give j(222).
-477
Let y(v) = 185*v + 41765. What is y(-226)?
-45
Let y(r) = 115*r - 11233. Determine y(92).
-653
Let h(l) = l**2 - 579*l - 74343. Calculate h(-107).
-941
Let g(y) = 913*y + 573373. Calculate g(-628).
9
Let a(w) = -8*w**3 - 73*w**2 + 4*w + 67. Give a(-9).
-50
Let l(p) = 451*p - 13271. Give l(30).
259
Let r(p) = -2*p**2 - 60*p - 1196. Give r(-17).
-754
Let u(p) = 2467*p**3 - 9707*p**2 - 639*p - 13. What is u(4)?
7
Let j(n) = 10*n**2 + 671*n - 13292. Give j(16).
4
Let a(d) = -19369*d - 2149964. Give a(-111).
-5
Let k(s) = -s**2 - 1404*s + 47429. What is k(33)?
8
Let z(r) = -381358*r + 1906777. Determine z(5).
-13
Let w(s) = 2*s**3 + 351*s**2 + 5817*s + 1240. Determine w(-157).
-16
Let n(c) = -151785*c - 1366061. Calculate n(-9).
4
Let y(w) = -38*w + 2572. Determine y(62).
216
Let y(o) = 52*o**2 - 6859*o - 628. Determine y(132).
32
Let k(y) = 258*y**2 + 262*y - 262. Determine k(1).
258
Let a(u) = 7*u**2 - 96*u + 127. Determine a(1).
38
Let p(t) = -2*t**2 - 141*t + 11822. Calculate p(-119).
279
Let h(g) = -9588*g - 536971. Calculate h(-56).
-43
Let c(m) = -2*m**3 - 54*m**2 - 2*m + 136. Give c(-27).
190
Let x(b) = 26*b**2 + 1025*b - 11325. Give x(9).
6
Let f(w) = w**2 + 392*w + 25197. Give f(-81).
6
Let b(v) = 175*v**2 - 303*v - 2870. Determine b(5).
-10
Let s(n) = 3136*n - 122143. Determine s(39).
161
Let t(k) = 1014*k + 3180. What is t(-4)?
-876
Let b(i) = 5426*i**2 + 32576*i + 20. What is b(-6)?
-100
Let f(b) = 34*b**2 - 4646*b + 7460. Give f(135).
-100
Let p(r) = -17580*r + 263777. Give p(15).
77
Let z(x) = 925*x + 56982. What is z(-62)?
-368
Let i(f) = -f**3 + 14*f**2 + 39782*f - 437880. What is i(11)?
85
Let z(b) = -190139*b + 1521088. Calculate z(8).
-24
Let m(s) = -830*s + 17730. Determine m(23).
-1360
Let j(h) = h**2 + 235*h + 661. Give j(-3).
-35
Let m(h) = 737141*h + 33171358. What is m(-45)?
13
Let a(l) = 45065*l + 450650. Give a(-10).
0
Let d(z) = -11*z**2 - 4276*z - 17046. Give d(-4).
-118
Let l(w) = -492*w + 68378. Determine l(139).
-10
Let x(t) = 86*t**3 + 12*t**2 - 113*t + 100. What is x(1)?
85
Let o(l) = -84114*l + 504629. Determine o(6).
-55
Let d(n) = -51346*n + 2002501. Calculate d(39).
7
Let g(n) = -n**2 + 824*n + 667488. What is g(-503)?
7
Let o(h) = -347*h - 41291. Give o(-119).
2
Let m(t) = -8*t**2 - 2764*t - 10926. Determine m(-4).
2
Let a(m) = -235*m**3 - 3*m**2 + 211*m + 424. Calculate a(-2).
1870
Let a(p) = -24*p**3 - 2017*p**2 - 78*p + 469. Determine a(-84).
-35
Let m(u) = -261*u + 8912. Calculate m(33).
299
Let j(u) = -1081*u - 14806. Calculate j(-14).
328
Let p(g) = -8*g**2 + 1426*g - 6944. Give p(5).
-14
Let v(a) = 2135*a + 102424. Give v(-48).
-56
Let h(a) = -506636*a - 1013272. What is h(-2)?
0
Let i(z) = -1374*z + 564722. What is i(411)?
8
Let n(t) = 47188*t - 566256. Determine n(12).
0
Let i(c) = 2*c**2 + 296*c + 7761. Give i(-34).
9
Let y(n) = -183368*n - 550083. Give y(-3).
21
Let z(a) = -a**3 + 76*a**2 + 4336*a + 173. Give z(-38).
21
Let l(s) = -1105685*s + 4422747. Calculate l(4).
7
Let o(j) = -9192*j + 45962. What is o(5)?
2
Let f(i) = 11*i**3 - 353*i**2 + 1